number?
False
Let g = -865 - -1272. Is g a composite number?
True
Suppose 5*r - 4*q - 47975 = 0, -r + 4839 + 4755 = -q. Is r prime?
False
Suppose 20 = 3*v - o + 2, 2*v + 3*o - 1 = 0. Let l be 9/15 - (-7)/v. Suppose -l*d + 759 = d. Is d a composite number?
True
Suppose 12*r = 354027 - 35559. Is r a composite number?
False
Suppose -8*x + 5*y - 15855 = -3*x, 12691 = -4*x - 3*y. Let p = -2021 - x. Is p prime?
True
Suppose -31*y - 5*u - 379796 = -34*y, -2*y = u - 253219. Is y a composite number?
True
Let o(i) = 7*i + 2 + 4 + 7*i**2 - 5*i + 6*i. Let j(q) = q**3 + 3*q**2 - q + 5. Let b be j(-4). Is o(b) composite?
False
Suppose -j + 5923 + 136 = 0. Suppose 5*x = -2*p - 2108 + 8177, 5*x - 3*p = j. Is x prime?
True
Suppose 8*i + 6*i = 443618. Is i a composite number?
False
Suppose -2*b = b - 6999. Is b a prime number?
True
Suppose 2*p + 4 + 0 = 0. Let i be p/(-8)*(18 + 2). Suppose 5*b - 1124 = 4*l - 7*l, 0 = i*l + 5*b - 1870. Is l a prime number?
True
Suppose 2*n - 13 = -3*v - 0*n, -2*n = 5*v - 15. Let s(h) = 1402*h**2 - 2*h - 1. Is s(v) composite?
False
Suppose -9 = 2*i - 5*i. Suppose i*v + 2 - 13 = w, -5*v + 5*w = -35. Suppose -v*a + 39 = z, 0*z = 4*a + 3*z - 79. Is a composite?
False
Let a = 4876 - 2045. Is a composite?
True
Let w(l) = -33*l - 1. Suppose 0*i + 3*n + 7 = -i, 3*i - 3*n + 9 = 0. Let o = i - -2. Is w(o) prime?
False
Suppose g = -41 + 11. Is (254/10)/((-6)/g) composite?
False
Let h = 21 + -18. Suppose -h*l - 7 = -286. Suppose -1168 = -5*w - l. Is w a prime number?
False
Suppose 21*b - 153859 = -32*b. Is b a prime number?
True
Suppose 36257 - 179649 = -32*v. Is v prime?
True
Suppose 2*b + 2*b = -p - 3029, -p = -2*b + 2999. Let k = -1036 - p. Is k a composite number?
False
Let r = 17 + -15. Let i(u) = 2 + 21*u**r - 20*u**2 + 6*u + 5*u. Is i(-15) a prime number?
False
Suppose r = -3*s - 163, -4*s - 2*r = r + 219. Let d be (-167)/2*-1*2. Let o = s + d. Is o a composite number?
False
Suppose -2*h = -19 + 3. Let a(s) = 19*s - 25. Is a(h) prime?
True
Let l(g) = 721*g + 182. Is l(17) a composite number?
True
Let o = 12 - 12. Suppose -3*f + 178 = i, o = -2*f - 2*i + 6*i + 128. Let l = f - 41. Is l a prime number?
True
Let z be (2 + -2)/(-1 + 3). Suppose t + 3 - 4 = z. Suppose 4*k - 13 = -t. Is k a composite number?
False
Let d(z) = -8*z**3 - 7*z**2 - 37*z - 1. Is d(-8) a prime number?
True
Suppose 2*a + s = 50, -38 = -2*a + 4*s + 2. Is (-6)/(-4)*23440/a a composite number?
True
Let q(j) be the second derivative of 24*j**5/5 - j**4/6 + j**3/2 - j**2 + j. Let z be q(1). Suppose u - z = 96. Is u a prime number?
True
Let v = 3163 + -1004. Is v composite?
True
Let b = 17 + 16. Is 6957/b + 6/33 a composite number?
False
Suppose 4*p - 3*w = 42125, 5*p - 5*w - 46020 = 6640. Is p prime?
True
Suppose -14092 - 17663 = -5*n - 5*a, -n = 4*a - 6345. Is n a prime number?
True
Let u(o) be the second derivative of o**5/20 - 5*o**4/6 + o**3/6 - 7*o**2/2 + 8*o. Let d be u(10). Suppose -d*i = -8*i + 835. Is i a composite number?
False
Is ((-116)/10)/((-60)/19650) composite?
True
Let f be (-1)/(-1) - 1 - -3. Suppose -4*z + 8*z - r - 5 = 0, -4*z = f*r - 17. Let k(y) = 17*y**2 - 1. Is k(z) a prime number?
True
Let t(u) = -5*u + 14. Let j be t(4). Let b = -1 - j. Suppose 3*y = 6*y - 5*a - 83, y - 21 = b*a. Is y a composite number?
False
Is (-2)/(-8)*-6*(-6742 - 4) composite?
True
Let d(h) = 3*h**3 + 8*h**2 - 9*h - 6. Let j be d(-7). Let g = 1641 + j. Is g prime?
True
Suppose 0 = 6*x - 2*x + 5*v - 1200, -900 = -3*x - 5*v. Let s = 607 - x. Is s prime?
True
Let a = -61 + 91. Suppose -3*c = 0, -3*o = -2*o + 4*c - a. Let g = o - 7. Is g prime?
True
Suppose 0 = -2*r - 10, 5*x + r - 8680 = 5*r. Suppose -4*h + x + 2016 = 4*k, -4*k = 5*h - 3748. Let m = 1614 - k. Is m a composite number?
False
Let n = 50 + -48. Suppose -5*g = -20, -3*g = -n*f + 5*f - 1023. Is f composite?
False
Let c(x) = x**2 + 4*x - 9. Let z be c(-6). Is z*4/6*(-7771)/(-38) composite?
False
Let z = 656 + 186. Let a = z + -531. Is a a prime number?
True
Let p be (655/(-2) + 4)*(-3 + 1). Suppose -42*g + 43*g = p. Is g a prime number?
True
Suppose 454*o - 463*o = -10899. Is o prime?
False
Suppose 4*j = -k - 3*k, -21 = -5*j + 2*k. Suppose -5*c = 5*m - 95, 41 = j*c - 0*m - m. Let y = c + 44. Is y a prime number?
True
Let x(j) = 18*j**2 - 9*j + 2. Is x(-5) a prime number?
False
Let a(n) = 389*n**2 - 23*n - 105. Is a(-7) prime?
False
Suppose q + 5*s - 1 = 0, 2*q + 0*q = 2*s + 14. Let b = -136 - -100. Is 134/q + (-24)/b a prime number?
True
Let m(h) = 762*h**3 + 6*h**2 - 3*h + 2. Is m(3) composite?
True
Let s = 127 - -12. Suppose s = 2*x - x. Is x a composite number?
False
Is (-606772)/(-68) + 34/(-289) composite?
False
Is (-8)/(-6) - 74584/(-24) prime?
True
Let l = 8 - 14. Let h be (-4)/(-12) + 1838/l. Is 2/10 + h/(-45) a composite number?
False
Suppose 0 = 3*b + 17*q - 16*q - 16153, -3*b + 16157 = 2*q. Is b prime?
False
Let b(v) = -102*v**3 - 11*v**2 - 13*v - 91. Is b(-6) a prime number?
False
Suppose 5*g - 47 = g - b, 4*g - 52 = 4*b. Is 449/2 + (-18)/g prime?
True
Is 2/(-18)*3 - 44030/(-15) prime?
False
Suppose -8850 = -3*b - 2*b - s, -2*s = -3*b + 5297. Is b composite?
True
Let m(z) = -9*z + 5. Let l(q) = 19*q - 9. Let d be 4/18 + (-56)/9. Let k(s) = d*l(s) - 11*m(s). Is k(-5) composite?
True
Let q = 11230 + -6585. Is q prime?
False
Suppose -b - 3 = 0, b = 3*m + 6*b + 3. Suppose -2*n - k + 13 = 2*k, 2*k - 14 = -m*n. Suppose 258 = 4*l - v - 222, 0 = -l + n*v + 127. Is l composite?
True
Let u(x) = -3*x**3 + 2*x**2 + 5*x + 2. Let v be u(-1). Let q = 0 - 0. Suppose q*j + 68 = v*j. Is j composite?
True
Let m = -52873 + 107288. Is m a composite number?
True
Suppose -k - 659 = -y + 4*k, -k = 2*y - 1362. Is y composite?
True
Suppose -71788 = -13*j + 10671. Is j prime?
True
Suppose 136*n - 30445 = 135*n. Is n a composite number?
True
Suppose -65*w - 162132 + 564547 = 0. Is w composite?
True
Let l = 22432 + -3279. Is l prime?
False
Let n = 2809 - 1052. Is n composite?
True
Let v(j) = 3*j**3 + 3*j**2 - 2. Let t be v(-2). Let f be (847/t)/((-2)/(-52)). Is f/(-4) - (-1)/(-4) a prime number?
False
Suppose 2*h = 3*i - 19, -3*h - h - 5*i - 27 = 0. Let n be 12*1 - (h - -6). Is ((-186)/(-4))/(7/n) prime?
False
Suppose -3*u = -5*z + z + 63755, 6*z + 4*u - 95658 = 0. Is z a composite number?
True
Suppose -3*i + 2*i + 2 = 0. Let q(d) = 15*d + 0*d - 3*d + i. Is q(1) composite?
True
Suppose -8*m + 112 = -96. Let w(r) = r**3 - 24*r**2 + 4*r - 57. Is w(m) prime?
True
Let b(r) = 0 - 11*r + 0*r - 14 - 1. Is b(-6) composite?
True
Let f(a) = 13*a**2 + 3*a - 9. Let v be f(-4). Suppose -2*b + v = -1071. Is b a composite number?
True
Let x(n) = 4*n - 6. Let g be x(5). Let l = 69 - 24. Let i = l - g. Is i a composite number?
False
Let y(u) = 17*u**2 - 24*u - 15. Is y(-12) prime?
False
Is -2 + 5 + -6 + 1952 composite?
False
Let y = -680 + 1129. Is y composite?
False
Let f(d) = 9*d + 29. Let t be f(17). Let i be t/56 + (-1)/4. Suppose -864 = -4*w + 2*l, -w - 5*l = i*w - 878. Is w a composite number?
True
Let l(d) = -1439*d**2 + d + 2. Let i be l(-1). Let u be 36/126 - i/14. Is u*(4 + 1 - 4) prime?
True
Let w be 5 - 40*(-815)/(-10). Let a = w - -4814. Is a prime?
True
Suppose -13*u + 475 = -8*u. Suppose 6*c - u - 583 = 0. Is c prime?
True
Let j(t) = t**3 - 9*t**2 + 6*t - 5. Let o be j(8). Let n = 17 + o. Is -1*(82*n - 3) composite?
False
Suppose -3*t = -2*l - 1692, 5*t = 4*l + l + 4225. Let x = 1756 + l. Is x a composite number?
True
Let m = 1668 - -394. Let j = -1389 + m. Is j prime?
True
Suppose 51 = 3*h - 0*v + 3*v, 3*h - 4*v - 30 = 0. Let j(r) = r**2 - 6*r + 2. Let k be j(6). Suppose 0 = -k*d - 0*d + h. Is d composite?
False
Let l(t) = -1755*t**3 - t**2 - t - 1. Let f be l(-1). Suppose -n - f = -3*n. Is n a composite number?
False
Suppose -2*q - 1108 = -4*m, -4*m + q - 713 = -1821. Is m a composite number?
False
Let r(t) = 177*t**3 + 3*t**2 - 3*t + 3. Let l be r(2). Suppose 92*h = 20*h + 38592. Let w = l - h. Is w a composite number?
True
Let k = 12 - 12. Suppose -a + 2*v + 2*v = -7, k = -5*a - 3*v - 11. Let u(y) = -414*y**3 - 2*y**2 + 1. Is u(a) a prime number?
False
Suppose -4*w = -5*w - 1, 0 = u + 5*w - 6756. Is u a prime number?
True
Let s(r) = -r**3 - 10*r**2 - 10*r - 5. Let g be s(-8). Let l = 392 + g. Is l a composite number?
True
Le